 the first derivative of -q**4/4 - q**3 + 11*q**2/2 - 2*q + 90. Does 15 divide c(-8)?
False
Let k = -72 + 75. Suppose -4 = -4*j, -20 = k*l - 4*l + 2*j. Does 9 divide l?
False
Let a = -22 - -26. Suppose 6*t + 2*n - 10 = 2*t, a*t - 15 = -3*n. Suppose -2*k + 344 = -t*k. Is k a multiple of 43?
True
Let j be 15/2*(40/15 + -2). Suppose j*d + 4*f - 1264 = 0, 4*f - 7*f = 4*d - 1011. Does 9 divide d?
True
Let m = 337 + -333. Is 50 a factor of (110/m)/((-2)/(-40))?
True
Suppose -38 = -4*g - 2*w + w, 0 = 3*g + 5*w - 20. Is g/(-15)*(102/(-4))/1 a multiple of 16?
False
Is 3 a factor of 5 + 33/(231/476)?
False
Suppose 0 = 338*i - 333*i - 1035. Suppose -i = -v + 326. Does 41 divide v?
True
Suppose -3*x - 3*w = 27, 6*w + 6 = -2*x + 8*w. Let v be ((-31)/93)/(1/x*-2). Is (-22)/(-2) + 4/v a multiple of 7?
True
Suppose -14*x + 187649 = 115003. Is x a multiple of 7?
False
Let r(k) = 2*k + 34. Let c be r(-17). Suppose m - 6*m = c. Suppose -8*u + 42 + 38 = m. Does 10 divide u?
True
Let m(u) = -u**2 - 3*u - 53. Let f(k) be the third derivative of -k**5/30 - k**4/4 - 107*k**3/6 - 9*k**2. Let x(q) = 4*f(q) - 9*m(q). Does 5 divide x(0)?
False
Suppose 0 = -5*v + l + 443, -3*v - 170 = -5*v + 4*l. Let s = 34 - v. Let i = s + 207. Is i a multiple of 38?
True
Let j be (16/48)/(0 + (-1)/(-198)). Suppose -6*h + 9*h - j = 0. Does 3 divide h?
False
Suppose 2*g + y - 29602 = 0, 3*y + 17857 - 91863 = -5*g. Is g a multiple of 16?
True
Suppose 8*o + 15*o - 14*o = 56295. Is o a multiple of 61?
False
Let b(h) = h**3 + 10*h**2 + 5*h - 2. Let z(m) = 17*m. Let a(p) = 19*p + 1. Let w(g) = -4*a(g) + 5*z(g). Let o be w(0). Is 19 a factor of b(o)?
False
Let h(d) = -8*d**3 - d**2 + 3. Let z be ((-2)/3)/(8/36). Let o be h(z). Suppose 40 + o = 5*t. Is 25 a factor of t?
True
Suppose -225654 + 3491286 = 272*m. Does 207 divide m?
True
Let t be (9/36)/((-1)/(-32)). Suppose -c + 3*c = -t, c = -2*m + 198. Is m a multiple of 4?
False
Is ((-3400)/1275)/(-1 + (-16660)/(-16662)) a multiple of 109?
False
Let i be 6 + (4 - (-3 + 13)). Suppose i = 5*a + 5*k - 1365, -5*a - 416 = k - 1765. Is a a multiple of 33?
False
Suppose 0 = q + y + 3, 0*q = -5*q - 2*y - 15. Suppose -2*p = g - 68, -20 = -0*p - 5*p. Is ((1 - -1) + q)/((-1)/g) a multiple of 10?
True
Let k = 27 - -2. Suppose 31*g - k*g = 0. Suppose 2 = -a, -s + g*a = -a - 164. Is 27 a factor of s?
True
Let l be (14 - -16) + 1/1. Suppose 4*h = 49 + l. Suppose h*s - 19*s = 81. Is 8 a factor of s?
False
Let f(m) = 22*m**2 + 10*m + 2016. Does 41 divide f(0)?
False
Let a = -45529 + 74160. Does 62 divide a?
False
Suppose -v = -4*w + 11, -4*w + 1 = w + 3*v. Suppose -g + 838 = 3*a, g - 387 = -w*a + 170. Does 11 divide a?
False
Suppose -340453 + 36919 = -33*u. Is u a multiple of 7?
True
Suppose -5*h + 2 = -18. Let c be (4/2)/((-2)/(-55)). Suppose c = n - 2*z + 3*z, 0 = -h*z - 8. Is n a multiple of 19?
True
Let a(h) = 27 - 1 - h - 13*h - 12. Does 7 divide a(-2)?
True
Let s = 5989 - 3736. Suppose -15*q + 42 = -s. Is q a multiple of 17?
True
Let i = -118 - -121. Suppose -2*l + 0*l + 88 = 2*k, -i*k - 5*l + 128 = 0. Does 28 divide k?
False
Let b = 12756 + -6201. Is b a multiple of 95?
True
Let k = -2359 + 2799. Is k a multiple of 40?
True
Suppose -7*k - 5*b = -3*k - 11666, -b = 4*k - 11690. Does 17 divide k?
True
Let p = 8720 + 54174. Does 11 divide p/143 + 4/22?
True
Let s = -6565 - -32358. Does 106 divide s?
False
Let x be 14032 + (-272)/(-46) + 40/460. Is 39 a factor of x/20 - (-9)/90?
True
Let h(q) = 258*q + 540. Is 129 a factor of h(18)?
False
Does 12 divide 15045 + ((-2)/(-4))/(23*(-32)/(-4416))?
True
Suppose 0 = -157*h + 179*h - 9526. Is h a multiple of 6?
False
Let j(x) = x**2 + 6*x + 9. Let s be j(-5). Let m be (s + 69/(-15))/((-1)/25). Suppose 0 = m*v - 7*v - 288. Is v a multiple of 15?
False
Let p = 808 + -551. Let g = p - -634. Is 33 a factor of g?
True
Does 28 divide (-2273745)/(-725) + (-2)/10?
True
Suppose 20 = -62*q + 58*q. Let o(b) = 2*b**2 + 10*b - 4. Let v(c) = -c**2 - 5*c + 2. Let h(t) = q*v(t) - 2*o(t). Does 6 divide h(-7)?
True
Let u(a) = 11*a**2 + 6*a - 13. Let o be u(-4). Suppose 0 = 132*g - o*g + 1890. Does 25 divide g?
False
Let u = 1027 + -362. Let c = u - 67. Is 38 a factor of c?
False
Let f be -16 - -10 - 1*-17. Suppose f*i - 15 - 370 = 0. Is i a multiple of 35?
True
Suppose c + 2565 = 2*c - 10*g, 4*c = 3*g + 10334. Does 5 divide c?
True
Is 4035*(-5)/(-125) + 3/5 a multiple of 7?
False
Suppose 16*j - 69 = -69. Suppose j = o - 10*o + 1710. Does 8 divide o?
False
Suppose -19*x = -21*x + 2, 5*x = -i + 5. Let c(q) = -q**3 - 4*q**2 - 5*q - 3. Let b be c(-3). Suppose i*v + b*v = 102. Does 34 divide v?
True
Let k(y) = y - 6. Let q be k(-2). Let o be (q/3)/(22/(-33)). Suppose 5*n - 69 = -3*p, -2*p + o*n + 12 = -12. Is p a multiple of 18?
True
Suppose -49771 = -74*d + 203013. Is d a multiple of 70?
False
Suppose -213*k = 141*k - 3470616. Does 15 divide k?
False
Suppose 162902 = 63*b - 224926. Does 19 divide b?
True
Let n(w) = -20*w**2 + 44*w**2 + 4 - 2*w**3 - 14*w**2 + 2 - 5*w. Let d be n(4). Does 45 divide d + 208 + -1*1?
True
Let x(p) = -p**3 + 38*p**2 - 41*p - 68. Let r be x(35). Suppose 6*i = r + 12. Does 51 divide i?
False
Suppose -27*x = -23*x - 44. Let q(r) = 2*r**2 + 10*r - 1. Is 9 a factor of q(x)?
True
Let o(q) = -56*q + 194. Let a be o(-3). Suppose 366*i - a*i = 1936. Does 11 divide i?
True
Suppose 3*k - 2*g = 2, 4 = -3*k + 4*g + g. Is 393/k + 6/(-4) a multiple of 18?
False
Suppose -2*k + 2536 = -4*o, -5*k + 5581 + 769 = -5*o. Is k a multiple of 12?
True
Let g be -5*1*342/(-190). Suppose g*b - 6*b = 66. Does 12 divide b?
False
Is 910*((-91)/(-14) - 6) a multiple of 7?
True
Let d = 124 + -127. Let q(z) = -10*z. Let l be q(4). Is ((-108)/(-30))/(d/l) a multiple of 24?
True
Suppose 4*x = -12, 2*h - x = 4*x + 12211. Is h a multiple of 47?
False
Suppose 2*s - s - 513 = 5*p, 3*p + 303 = 3*s. Let n = 106 + p. Suppose -3*w + 4*z + 39 = 0, 2*w + n*z = -0*z + 26. Is w even?
False
Suppose -4*z = 12, 4*i = 6*i + z - 4871. Is i a multiple of 9?
False
Let d(n) = -33 - 18*n**2 - 25 - 4*n + 2*n**3 - 12. Does 45 divide d(10)?
True
Suppose -580 = 7*r - 3*r. Is -5 + -5*(r + 6/3) a multiple of 7?
False
Suppose -4*u + 38040 = 4*v + 4692, -5*v + 5*u = -41615. Is v a multiple of 113?
False
Suppose q = -5*q + 174. Let n = q + -37. Does 12 divide n/(-12) + (-170)/(-6)?
False
Let y(l) = -12*l**3 - 5*l**2 + 5*l - 9. Let u be y(-8). Suppose 5*t - 7190 = -2*a, 4*t + 9*a - u = 12*a. Does 90 divide t?
True
Let k(r) = 99*r - 2973. Does 91 divide k(110)?
True
Suppose 59*s - 280*s + 4386923 = 20*s. Is s a multiple of 11?
False
Let c(l) = -l**3 - 2*l**2 - 10*l - 23. Let g be c(-7). Suppose 0*u + 100 = 2*i - 3*u, 5*i = -3*u + g. Does 12 divide i?
False
Let h(u) = u - 1. Let k(w) be the third derivative of -w**5/30 - w**4/12 + w**3/3 - 15*w**2. Let z(b) = -4*h(b) - k(b). Is 6 a factor of z(-4)?
True
Suppose s + 42*s - 11545 = 53858. Is 13 a factor of s?
True
Suppose -548800 = 88*y - 113*y. Is y a multiple of 16?
True
Suppose 75641 + 43151 = 28*a + 32692. Does 25 divide a?
True
Let n(q) = q**3 - q**2 - 21*q - 6. Let y be n(-4). Is 19 a factor of 852 - ((-136)/(-51))/(y/3)?
False
Suppose -21*l - 26*l = -24440. Is 104 a factor of l?
True
Suppose -3*n = -4*h - 2*n + 70, 10 = 5*n. Does 11 divide ((-132)/h)/(169/57 + -3)?
True
Does 142 divide ((-4)/(-8)*-23572)/(-1)?
True
Suppose -j + 253 = -4*q, -2 - 1 = j. Let i = 113 + q. Let o = i + -27. Is 7 a factor of o?
False
Let u(x) = x**3 - 7*x**2 + x + 20. Let d be u(6). Let c(y) = -y**2 - 13*y - 9. Does 21 divide c(d)?
True
Let k(z) = -2144*z - 173. Does 14 divide k(-3)?
False
Suppose 5*l - 55 = 5*n, -4*n - 4 = -2*l + 28. Let d be -6 + l + (-5 - 2). Is 84 - d/(14/10) a multiple of 48?
False
Suppose 2767 - 29681 = -50*s + 5386. Is s a multiple of 33?
False
Is 72 a factor of 21/27 - 1 - (11 + (-27923)/63)?
True
Is (56/(-140)*(12870 - 2))/(2/(-20)) a multiple of 14?
False
Let x = 160 + -160. Suppose x = 15*i - 8*i - 259. Is i even?
False
Let z be 683/7 - 84/(-196). Let m = -21 + z. Does 7 divide m?
True
Does 5 divide 0 + 2 - (308/35)/(16/(-80))?
False
Let n = -18 - -20. Suppose 2*b = 50 - n. Suppose 4*j - 4*f = -8*f + b, 3*f = -6. Does 2 divide j?
True
Let q = -4281 + 12903. Does 19 divide q?
False
Let v(u) = 4*u - 14. Let d be v(5). 